divisor of 91 and m?
13
Suppose -j - 2*y + 894 = 0, -33*y + 28*y = -2*j + 1797. Calculate the highest common factor of 28 and j.
28
Suppose 20*t + 18 = a - 253, 3*a + 6 = -3*t. Let u = 22 + 0. Calculate the highest common factor of u and a.
11
Suppose 8*q - 8376 = 3272. Let h = 2270 - q. What is the greatest common divisor of 22 and h?
22
Let h = -158 - -108. Let u be ((-320)/h)/(-1 + (-12)/(-10)). Calculate the greatest common divisor of u and 40.
8
Suppose 0 = 3*u + d - 14746, -u + 329 = -3*d - 4603. Calculate the highest common factor of u and 165.
33
Let s(k) = -9*k - 27. Let q be s(-3). Let v be 1 + 2 - (q - 0). Calculate the greatest common divisor of 21 and v.
3
Let w be 45/((-8775)/(-30)) - 3040/(-13). What is the highest common divisor of 10 and w?
2
Let g be 0 + 99 - (-14 + 26). Calculate the greatest common factor of 1943 and g.
29
Let a(f) = -51*f + 2400. Let v be a(45). Calculate the highest common factor of v and 50400.
105
Suppose -7*x - 9 = -275. Let i = 40 - x. Suppose 5*n = -i*z + 3 + 2, z + 2*n = 3. Calculate the highest common factor of 5 and z.
5
Let z = -531 + 447. Let y be -40*(z/126)/(8/6). What is the greatest common factor of y and 95?
5
Suppose -5*u - 123*l + 439 = -121*l, -3*u + 253 = -4*l. What is the highest common factor of 116 and u?
29
Suppose 40*g + 712 = 41*g + 5*c, 3*c - 1438 = -2*g. What is the greatest common factor of g and 95?
19
Let u be (-30)/13*(-1 + -51). Calculate the highest common divisor of 460 and u.
20
Suppose p - 1256 = -4*q - 3*p, 1258 = 4*q + 5*p. Suppose 0 = -3*w - 5*w + q. What is the greatest common factor of w and 6?
3
Let u = 611 + -426. Let n = u + -161. What is the greatest common factor of 312 and n?
24
Suppose 12733 = 9*c - 98075. What is the greatest common factor of 304 and c?
152
Let t be 9 - (-249)/15 - -2*(-2)/(-10). What is the greatest common divisor of t and 8216?
26
Let k(p) = 144*p - 17. Let n be k(8). Suppose 4*q + n = 4*i - 913, 3*i - 2*q = 1531. Calculate the highest common divisor of i and 13.
13
Suppose -2452 - 1267 - 3865 = -3*k. Calculate the greatest common divisor of 32 and k.
32
Let y = 135 - -14. Let i = y + 38. Let l be (-3)/36 - 3485/(-204). What is the highest common divisor of i and l?
17
Let b = -317 + -152. Let f be 56/(-16) - b/2. Calculate the highest common divisor of 66 and f.
33
Let x(b) = 26*b + 3. Let o be x(1). Let a be -1*(o/87)/(1/(-21)). Let q be (4/(-6))/(4/(-42)). Calculate the greatest common factor of q and a.
7
Suppose 10*b - 7*b = 15. Suppose r = o - 0 - 17, -5*r - 17 = -o. Suppose o + b = h. What is the highest common factor of 66 and h?
22
Suppose -30 = -4*q - 18. Suppose w - 38 = k - 2*k, 0 = 4*w + 2*k - 160. Suppose 11*z - w = 9*z. Calculate the highest common divisor of q and z.
3
Let k be (8/(-10))/(24/1380). Let d be k*((3 - 7) + 3). Suppose d*t + 4 = 47*t. Calculate the greatest common factor of t and 64.
4
Let h(s) = -s**2 + s + 65. Let y be (-2 - -4) + (-1 - 1). Let c be h(y). Calculate the greatest common factor of c and 20.
5
Suppose 11*m + 202 - 1357 = 0. Calculate the greatest common divisor of 420 and m.
105
Suppose -37 = -22*h + 21*h. Suppose 4*k = 4*r + h + 27, 2*r + 4*k = -20. Let x be 24/r*147/(-14). What is the highest common factor of 42 and x?
6
Let v(a) = -3*a**3 - 6*a - 5. Let k(p) = 4*p**3 + 5*p + 4. Let l(d) = 2*k(d) + 3*v(d). Let r be l(-1). Calculate the highest common divisor of 11 and r.
1
Suppose 10*m = 7 + 723. Let s = 598 - m. Suppose -2*k = 3*l - s, 0 = -4*k - 3*l - 0*l + 1065. Calculate the highest common factor of 54 and k.
54
Let o = 25511 + -25507. What is the highest common divisor of o and 6788?
4
Let q(x) = 8*x**2 + 1 + 0*x**2 + 2*x**2 - 13 + x**3 + 13*x. Let d be q(-7). Calculate the greatest common divisor of 99 and d.
11
Let n(x) = -20*x + 13. Suppose 5*h = -u + 15, 0*h = -h - 3*u - 11. Let a be n(h). Let r = -57 - a. Calculate the highest common divisor of 5 and r.
5
Suppose 38*j + 4*u + 1118 = 41*j, 3*u - 364 = -j. Suppose 30 = 372*i - j*i. What is the greatest common factor of 75 and i?
15
Suppose -9 = -3*a - 0*a. Suppose -3*b - b - 3 = -3*t, -a = -3*t + 5*b. Suppose 5*i + x = 41 + t, x = -2*i + 15. What is the highest common factor of i and 27?
9
Suppose -84*t + 8461 = -13043. What is the highest common divisor of t and 112?
16
Suppose 0 = 4*p + 16, 50*p = -5*v + 51*p + 1114. What is the greatest common factor of v and 6?
6
Suppose -5*m = -32 - 63. Suppose -w - 2 = -m. What is the highest common factor of w and 2?
1
Let t = -60 - -60. Suppose t = 10*j - 4*j - 120. Suppose 40*v + j = 42*v. Calculate the greatest common factor of v and 5.
5
Let g = 52 - -12. Suppose 43*a - 41*a = 8. Suppose a*o + 757 - 789 = 0. Calculate the greatest common divisor of o and g.
8
Let a be 2 + (-5 - -2) - -21. Suppose d + a = 5*d. Let y be (-140)/(-8)*16/d. What is the greatest common factor of y and 8?
8
Let p = -315 - -351. Let g(b) = -b**2 - 2*b + 2. Let f be g(-2). Suppose -f*l + l = -4. Calculate the highest common factor of l and p.
4
Let w be (330 - 255)*(139/3 - -3). What is the greatest common factor of w and 1924?
148
Let r be (1/(-3))/(-7 + (-520)/(-75)). Suppose r*s - 318 = 1212. What is the greatest common divisor of s and 34?
34
Suppose 2314 = 153*g - 127*g. Suppose -4*p = -285 + g. Calculate the highest common factor of 21 and p.
7
Let c be (2 - 7) + 3/((-69)/(-25714)). Calculate the greatest common divisor of c and 424.
53
Suppose 5*s = -18*q + 15*q + 3067, -5*q = -20. What is the greatest common divisor of 893 and s?
47
Suppose -226*q + 302*q - 7296 = 0. Calculate the highest common divisor of 636 and q.
12
Suppose y - 5*o - 7 - 2 = 0, -2*o + 2 = y. Suppose k = y*b + 4*k - 33, -5*k = -5*b + 50. Calculate the highest common factor of 6 and b.
3
Suppose -20*g + 22*g - 8 = 0. Let m be (g - 3)/((-2)/10). Let u(k) = -51*k + 9. Let p be u(m). What is the highest common divisor of p and 24?
24
Suppose 45 - 1 = -11*d. Let c(v) = -32*v - 20. Let t be c(d). Calculate the highest common factor of t and 4.
4
Let m(r) = 29*r**2 + 16*r + 5. Let q be m(-3). Suppose 222 = -212*f + q*f. Calculate the greatest common factor of 37 and f.
37
Let d be (-3)/(-2)*(-12)/(-18)*-223. Let f = d - -224. Calculate the greatest common factor of f and 5.
1
Let u(t) = t + 49. Let g be u(15). Suppose 71*x - g = 67*x. Let o = -17 - -29. What is the greatest common divisor of o and x?
4
Suppose 0 = 5*c - 4*z - 2709, 2*c = 2*z + 936 + 146. Calculate the greatest common factor of c and 2071.
109
Suppose 3*c = -151*m + 147*m + 32, 28 = 2*c + 4*m. Let y = 22 - -6. Calculate the greatest common divisor of y and c.
4
Let r(d) = 137*d**2 - 13*d - 123. Let b be r(-6). What is the greatest common divisor of 362 and b?
181
Suppose -11 - 6 = -p. Let k(f) = 159*f - 449. Let a be k(4). What is the highest common divisor of a and p?
17
Suppose 93*h - 67848 = -53*h + 85890. Calculate the highest common factor of h and 405.
81
Suppose -4232 = -5*m + 5*x - 992, 0 = 5*m + 3*x - 3240. Suppose 61*u - 53*u = m. Calculate the greatest common divisor of u and 9.
9
Let f = -8083 - -8122. Let w = 52 - -57. Suppose 4*n + w = 4*y - n, -103 = -4*y - n. What is the greatest common factor of y and f?
13
Let m be (-5 + (5 - -1))*4. Suppose -m*p + 38 = -106. Calculate the greatest common factor of p and 24.
12
Let s be (12/(-10))/(3 + (-138222)/46060). Calculate the highest common factor of s and 84.
28
Suppose h - 14 = -2*h - 5*r, 2*h + r = 7. Let x(c) = 50*c + 26. Let u be x(h). Calculate the greatest common factor of u and 110.
22
Let c be (9/6)/((-5)/30). Let i be ((-660)/54)/(-1) + 2/c. Suppose -3*v - 24 = -5*v. What is the greatest common factor of i and v?
12
Let n = -18695 - -19280. Let o be (3 - 5)/(2/(-130)). What is the highest common divisor of o and n?
65
Let l = -63 - -68. Suppose -l*o - 29 = 16. Let c be 5*o*7/(105/(-12)). Calculate the greatest common factor of 180 and c.
36
Let l = -6 + 2. Let w be 3 + l + 2 + 0 - -48. What is the greatest common factor of w and 1127?
49
Suppose -54*u - 85744 = -88374 - 165634. What is the greatest common factor of u and 328?
164
Suppose -26*k + 224 + 2176 = 14*k. Let p be 48/(-40)*50/(-4). Calculate the highest common divisor of p and k.
15
Let y = -4216 - -4218. What is the highest common factor of y and 